{"id":53,"date":"2022-05-07T13:22:55","date_gmt":"2022-05-07T11:22:55","guid":{"rendered":"http:\/\/scarban.cz\/?page_id=53"},"modified":"2023-03-07T09:44:01","modified_gmt":"2023-03-07T08:44:01","slug":"produktova-rada","status":"publish","type":"page","link":"http:\/\/scarban.cz\/?page_id=53","title":{"rendered":"Produktov\u00e1 \u0159ada"},"content":{"rendered":"<div class=\"su-row\">\n<div class=\"su-column su-column-size-1-2\"><div class=\"su-column-inner su-u-clearfix su-u-trim\">\n<img loading=\"lazy\" decoding=\"async\" class=\"aligncenter wp-image-4800 \" src=\"https:\/\/www.vava.eu\/wp-content\/uploads\/2022\/02\/SB.Elastic-3-385x400.png\" alt=\"\" width=\"265\" height=\"275\" \/><br \/>\n<\/div><\/div>\n<div class=\"su-column su-column-size-1-2\"><div class=\"su-column-inner su-u-clearfix su-u-trim\">\n<h4>Elastick\u00e1 silikonov\u00e1 f\u00f3lie Scarban<\/h4>\n<ul>\n<li>Intenzivn\u00ed terapie \u2013 vysoce \u00fa\u010dinn\u00e1<\/li>\n<li>Vysok\u00e1 \u00farove\u0148 ochrany proti UV z\u00e1\u0159en\u00ed<\/li>\n<li>Pro mal\u00e9 i velk\u00e9 plochy poko\u017eky<\/li>\n<li>Lze \u0159ezat tak, aby vyhovovaly va\u0161\u00ed pot\u0159eb\u011b<\/li>\n<li>Obsahuje speci\u00e1ln\u00ed \u010distic\u00ed m\u00fddlo<\/li>\n<li>Dostupn\u00e9 v r\u016fzn\u00fdch velikostech<\/li>\n<\/ul>\n<\/div><\/div>\n<\/div>\n<div class=\"su-row\">\n<div class=\"su-column su-column-size-1-2\"><div class=\"su-column-inner su-u-clearfix su-u-trim\">\n<p><img loading=\"lazy\" decoding=\"async\" class=\"aligncenter wp-image-4804 \" src=\"https:\/\/www.vava.eu\/wp-content\/uploads\/2022\/02\/SB.Light_-384x400.png\" alt=\"\" width=\"266\" height=\"277\" \/><\/p>\n<\/div><\/div>\n<div class=\"su-column su-column-size-1-2\"><div class=\"su-column-inner su-u-clearfix su-u-trim\">\n<h4>Silikonov\u00e1 f\u00f3lie Scarban Light<\/h4>\n<ul>\n<li>Ten\u010d\u00ed a pru\u017en\u011bj\u0161\u00ed (ide\u00e1ln\u00ed pro oblasti t\u011bla, kter\u00e9 se oh\u00fdbaj\u00ed)<\/li>\n<li>Ide\u00e1ln\u00ed pro citlivou poko\u017eku<\/li>\n<li>Obsahuje velmi vysokou \u00farove\u0148 UV ochrany<\/li>\n<li>Lze \u0159ezat tak, aby vyhovovaly va\u0161\u00ed aplikaci<\/li>\n<li>Obsahuje speci\u00e1ln\u00ed \u010distic\u00ed m\u00fddlo<\/li>\n<li>Dostupn\u00e9 v r\u016fzn\u00fdch velikostech<\/li>\n<\/ul>\n<\/div><\/div>\n<\/div>\n<div class=\"su-row\">\n<div class=\"su-column su-column-size-1-2\"><div class=\"su-column-inner su-u-clearfix su-u-trim\">\n<img loading=\"lazy\" decoding=\"async\" class=\"size-medium wp-image-4803 aligncenter\" src=\"https:\/\/www.vava.eu\/wp-content\/uploads\/2022\/02\/SB.Recovery.Kit_.Doosje-400x285.png\" alt=\"\" width=\"400\" height=\"285\" \/><br \/>\n<\/div><\/div>\n<div class=\"su-column su-column-size-1-2\"><div class=\"su-column-inner su-u-clearfix su-u-trim\">\n<h4>Scarban C-section<\/h4>\n<ul>\n<li>Je \u00fa\u010dinn\u00fd na nov\u00e9 i star\u00e9 jizvy<\/li>\n<li>Obsahuje velmi vysokou UV ochranu (UPF-50)<\/li>\n<li>Vhodn\u00e9 pro v\u0161echny typy pleti<\/li>\n<li>100% l\u00e9ka\u0159sk\u00fd silikon<\/li>\n<li>Odoln\u00e9, bezpe\u010dn\u00e9 a snadno pou\u017eiteln\u00e9<\/li>\n<li>Spl\u0148uje mezin\u00e1rodn\u00ed l\u00e9\u010debn\u00e9 sm\u011brnice<\/li>\n<\/ul>\n<\/div><\/div>\n<\/div>\n<div class=\"su-row\">\n<div class=\"su-column su-column-size-1-2\"><div class=\"su-column-inner su-u-clearfix su-u-trim\">\n<img loading=\"lazy\" decoding=\"async\" class=\"size-medium wp-image-4734 aligncenter\" src=\"https:\/\/www.vava.eu\/wp-content\/uploads\/2022\/02\/SCARBAN_Hand_No_4_3000x2000px-scaled-1-400x267.jpg\" alt=\"\" width=\"400\" height=\"267\" \/><br \/>\n<\/div><\/div>\n<div class=\"su-column su-column-size-1-2\"><div class=\"su-column-inner su-u-clearfix su-u-trim\">\n<h4>Scarban ruka a prst<\/h4>\n<ul>\n<li>Velmi vysok\u00e1 UV ochrana (UPF50)<\/li>\n<li>Dostupn\u00e9 v r\u016fzn\u00fdch velikostech<\/li>\n<li>4 a\u017e 8 t\u00fddn\u016f terapie v balen\u00ed<\/li>\n<li>Obsahuje speci\u00e1ln\u00ed \u010distic\u00ed m\u00fddlo<\/li>\n<\/ul>\n<\/div><\/div>\n<\/div>\n<h2>Silikonov\u00e9 gely<\/h2>\n<div class=\"su-row\">\n<div class=\"su-column su-column-size-1-2\"><div class=\"su-column-inner su-u-clearfix su-u-trim\">\nSilikonov\u00fd gel je speci\u00e1ln\u011b vytvo\u0159en k vyblednut\u00ed, redukci a prevenci mal\u00fdch jizev.\u00a0Gel je ide\u00e1ln\u00ed na jizvy na obli\u010deji a dal\u0161\u00edch viditeln\u00fdch \u010d\u00e1stech t\u011bla.<\/p>\n<ul>\n<li>Terapie neviditeln\u00fdch jizev<\/li>\n<li>Mimo\u0159\u00e1dn\u011b vhodn\u00e9 na drobn\u00e9 jizvy<\/li>\n<li>Rychleschnouc\u00ed (pou\u017eiteln\u00fd pod make-up)<\/li>\n<li>N\u00e1doba s d\u00e1vkovac\u00ed pumpi\u010dkou pro dlouhodobou aplikaci<\/li>\n<\/ul>\n<\/div><\/div>\n<div class=\"su-column su-column-size-1-2\"><div class=\"su-column-inner su-u-clearfix su-u-trim\">\n<img loading=\"lazy\" decoding=\"async\" class=\"size-medium wp-image-4812 aligncenter\" src=\"https:\/\/www.vava.eu\/wp-content\/uploads\/2022\/02\/SCARBAN_Silcone_Gel_No_1_3000x2000px-scaled-2-400x267.jpg\" alt=\"\" width=\"400\" height=\"267\" \/><br \/>\n<\/div><\/div>\n<\/div>\n<div class=\"su-row\">\n<div class=\"su-column su-column-size-1-2\"><div class=\"su-column-inner su-u-clearfix su-u-trim\">\n<img loading=\"lazy\" decoding=\"async\" class=\"aligncenter wp-image-4814 size-medium\" src=\"https:\/\/www.vava.eu\/wp-content\/uploads\/2022\/02\/SB_Velvet_Touch-scaled-1-1-384x400.jpg\" alt=\"\" width=\"384\" height=\"400\" \/><br \/>\n<\/div><\/div>\n<div class=\"su-column su-column-size-1-2\"><div class=\"su-column-inner su-u-clearfix su-u-trim\">\n<h4>Jizvy na obli\u010deji<\/h4>\n<p>Silikonov\u00fd gel je ide\u00e1ln\u00ed pro aplikaci na obli\u010dej. Gel nen\u00ed znateln\u00fd a podporuje hojen\u00ed jizev. O\u0161et\u0159en\u00ed pom\u00e1h\u00e1 sn\u00ed\u017eit viditelnost jizev.<\/p>\n<p>Jizvy (jako jsou jizvy po korekci o\u010dn\u00edch v\u00ed\u010dek) jsou m\u00e9n\u011b n\u00e1padn\u00e9.\u00a0Je tomu tak i po operaci nebo jin\u00fdch (kosmetick\u00fdch) obli\u010dejov\u00fdch z\u00e1kroc\u00edch.<\/p>\n<ul>\n<li>Silikonov\u00fd gel je pr\u016fhledn\u00fd (neviditeln\u00fd)<\/li>\n<li>Mimo\u0159\u00e1dn\u011b vhodn\u00e9 na drobn\u00e9 jizvy (nap\u0159. chirurgick\u00e9 jizvy)<\/li>\n<li>Rychleschnouc\u00ed. Na gel lze nan\u00e9st make-up<\/li>\n<li>Snadn\u00e9 pou\u017eit\u00ed. Dvakr\u00e1t denn\u011b plynul\u00fdm pohybem nan\u00e1\u0161ejte na jizvu mal\u00e9 mno\u017estv\u00ed silikonov\u00e9ho gelu<\/li>\n<\/ul>\n<\/div><\/div>\n<\/div>\n<p style=\"text-align: center;\"><div class=\"su-youtube su-u-responsive-media-yes\"><iframe loading=\"lazy\" width=\"500\" height=\"400\" src=\"https:\/\/www.youtube.com\/embed\/PShihWlwLqc?mute=1\" frameborder=\"0\" allowfullscreen allow=\"autoplay; encrypted-media; picture-in-picture\" title=\"\"><\/iframe><\/div>\n","protected":false},"excerpt":{"rendered":"<p>Silikonov\u00e9 gely<\/p>\n","protected":false},"author":1,"featured_media":0,"parent":0,"menu_order":0,"comment_status":"closed","ping_status":"closed","template":"","meta":{"footnotes":""},"class_list":["post-53","page","type-page","status-publish","hentry"],"_links":{"self":[{"href":"http:\/\/scarban.cz\/index.php?rest_route=\/wp\/v2\/pages\/53","targetHints":{"allow":["GET"]}}],"collection":[{"href":"http:\/\/scarban.cz\/index.php?rest_route=\/wp\/v2\/pages"}],"about":[{"href":"http:\/\/scarban.cz\/index.php?rest_route=\/wp\/v2\/types\/page"}],"author":[{"embeddable":true,"href":"http:\/\/scarban.cz\/index.php?rest_route=\/wp\/v2\/users\/1"}],"replies":[{"embeddable":true,"href":"http:\/\/scarban.cz\/index.php?rest_route=%2Fwp%2Fv2%2Fcomments&post=53"}],"version-history":[{"count":1,"href":"http:\/\/scarban.cz\/index.php?rest_route=\/wp\/v2\/pages\/53\/revisions"}],"predecessor-version":[{"id":54,"href":"http:\/\/scarban.cz\/index.php?rest_route=\/wp\/v2\/pages\/53\/revisions\/54"}],"wp:attachment":[{"href":"http:\/\/scarban.cz\/index.php?rest_route=%2Fwp%2Fv2%2Fmedia&parent=53"}],"curies":[{"name":"wp","href":"https:\/\/api.w.org\/{rel}","templated":true}]}}

Produktová řada

<div class="su-row">
<div class="su-column su-column-size-1-2"><div class="su-column-inner su-u-clearfix su-u-trim">
<img loading="lazy" decoding="async" class="aligncenter wp-image-4800 " src="https://www.vava.eu/wp-content/uploads/2022/02/SB.Elastic-3-385x400.png" alt="" width="265" height="275" /><br />
</div></div>
<div class="su-column su-column-size-1-2"><div class="su-column-inner su-u-clearfix su-u-trim">
<h4>Elastická silikonová fólie Scarban</h4>
<ul>
<li>Intenzivní terapie – vysoce účinná</li>
<li>Vysoká úroveň ochrany proti UV záření</li>
<li>Pro malé i velké plochy pokožky</li>
<li>Lze řezat tak, aby vyhovovaly vaší potřebě</li>
<li>Obsahuje speciální čisticí mýdlo</li>
<li>Dostupné v různých velikostech</li>
</ul>
</div></div>
</div>
<div class="su-row">
<div class="su-column su-column-size-1-2"><div class="su-column-inner su-u-clearfix su-u-trim">
<p><img loading="lazy" decoding="async" class="aligncenter wp-image-4804 " src="https://www.vava.eu/wp-content/uploads/2022/02/SB.Light_-384x400.png" alt="" width="266" height="277" /></p>
</div></div>
<div class="su-column su-column-size-1-2"><div class="su-column-inner su-u-clearfix su-u-trim">
<h4>Silikonová fólie Scarban Light</h4>
<ul>
<li>Tenčí a pružnější (ideální pro oblasti těla, které se ohýbají)</li>
<li>Ideální pro citlivou pokožku</li>
<li>Obsahuje velmi vysokou úroveň UV ochrany</li>
<li>Lze řezat tak, aby vyhovovaly vaší aplikaci</li>
<li>Obsahuje speciální čisticí mýdlo</li>
<li>Dostupné v různých velikostech</li>
</ul>
</div></div>
</div>
<div class="su-row">
<div class="su-column su-column-size-1-2"><div class="su-column-inner su-u-clearfix su-u-trim">
<img loading="lazy" decoding="async" class="size-medium wp-image-4803 aligncenter" src="https://www.vava.eu/wp-content/uploads/2022/02/SB.Recovery.Kit_.Doosje-400x285.png" alt="" width="400" height="285" /><br />
</div></div>
<div class="su-column su-column-size-1-2"><div class="su-column-inner su-u-clearfix su-u-trim">
<h4>Scarban C-section</h4>
<ul>
<li>Je účinný na nové i staré jizvy</li>
<li>Obsahuje velmi vysokou UV ochranu (UPF-50)</li>
<li>Vhodné pro všechny typy pleti</li>
<li>100% lékařský silikon</li>
<li>Odolné, bezpečné a snadno použitelné</li>
<li>Splňuje mezinárodní léčebné směrnice</li>
</ul>
</div></div>
</div>
<div class="su-row">
<div class="su-column su-column-size-1-2"><div class="su-column-inner su-u-clearfix su-u-trim">
<img loading="lazy" decoding="async" class="size-medium wp-image-4734 aligncenter" src="https://www.vava.eu/wp-content/uploads/2022/02/SCARBAN_Hand_No_4_3000x2000px-scaled-1-400x267.jpg" alt="" width="400" height="267" /><br />
</div></div>
<div class="su-column su-column-size-1-2"><div class="su-column-inner su-u-clearfix su-u-trim">
<h4>Scarban ruka a prst</h4>
<ul>
<li>Velmi vysoká UV ochrana (UPF50)</li>
<li>Dostupné v různých velikostech</li>
<li>4 až 8 týdnů terapie v balení</li>
<li>Obsahuje speciální čisticí mýdlo</li>
</ul>
</div></div>
</div>
<h2>Silikonové gely</h2>
<div class="su-row">
<div class="su-column su-column-size-1-2"><div class="su-column-inner su-u-clearfix su-u-trim">
Silikonový gel je speciálně vytvořen k vyblednutí, redukci a prevenci malých jizev. Gel je ideální na jizvy na obličeji a dalších viditelných částech těla.</p>
<ul>
<li>Terapie neviditelných jizev</li>
<li>Mimořádně vhodné na drobné jizvy</li>
<li>Rychleschnoucí (použitelný pod make-up)</li>
<li>Nádoba s dávkovací pumpičkou pro dlouhodobou aplikaci</li>
</ul>
</div></div>
<div class="su-column su-column-size-1-2"><div class="su-column-inner su-u-clearfix su-u-trim">
<img loading="lazy" decoding="async" class="size-medium wp-image-4812 aligncenter" src="https://www.vava.eu/wp-content/uploads/2022/02/SCARBAN_Silcone_Gel_No_1_3000x2000px-scaled-2-400x267.jpg" alt="" width="400" height="267" /><br />
</div></div>
</div>
<div class="su-row">
<div class="su-column su-column-size-1-2"><div class="su-column-inner su-u-clearfix su-u-trim">
<img loading="lazy" decoding="async" class="aligncenter wp-image-4814 size-medium" src="https://www.vava.eu/wp-content/uploads/2022/02/SB_Velvet_Touch-scaled-1-1-384x400.jpg" alt="" width="384" height="400" /><br />
</div></div>
<div class="su-column su-column-size-1-2"><div class="su-column-inner su-u-clearfix su-u-trim">
<h4>Jizvy na obličeji</h4>
<p>Silikonový gel je ideální pro aplikaci na obličej. Gel není znatelný a podporuje hojení jizev. Ošetření pomáhá snížit viditelnost jizev.</p>
<p>Jizvy (jako jsou jizvy po korekci očních víček) jsou méně nápadné. Je tomu tak i po operaci nebo jiných (kosmetických) obličejových zákrocích.</p>
<ul>
<li>Silikonový gel je průhledný (neviditelný)</li>
<li>Mimořádně vhodné na drobné jizvy (např. chirurgické jizvy)</li>
<li>Rychleschnoucí. Na gel lze nanést make-up</li>
<li>Snadné použití. Dvakrát denně plynulým pohybem nanášejte na jizvu malé množství silikonového gelu</li>
</ul>
</div></div>
</div>
<p style="text-align: center;"><div class="su-youtube su-u-responsive-media-yes"><iframe loading="lazy" width="500" height="400" src="https://www.youtube.com/embed/PShihWlwLqc?mute=1" frameborder="0" allowfullscreen allow="autoplay; encrypted-media; picture-in-picture" title=""></iframe></div>

<p>Silikonové gely</p>
